
-101010010000100001001
What is 23200322302 (base 4) in base 9?
5610437
-2231331 (base 6) to base 16
-1b9c7
What is -38433 (base 15) in base 10?
-179823
Convert -102011122001221 (base 3) to base 5.
-3004441103
2434423 (base 5) to base 11
31815
What is 23412220 (base 5) in base 13?
77756
Convert -2362935 (base 11) to base 14.
-7929a6
What is 163831 (base 13) in base 9?
1028304
What is -100010100010101000 (base 2) in base 11?
-97329
-1101110100111110110 (base 2) to base 3
-212000112212
-1146853 (base 9) to base 16
-97cec
-81b35a (base 12) to base 5
-1004442102
What is 493649 (base 13) in base 14?
3379dd
Convert -b2425 (base 14) to base 12.
-188241
Convert 25004361 (base 7) to base 4.
20202013131
What is -6a5195 (base 11) in base 5?
-241311341
What is 201313321221 (base 4) in base 13?
1abb996
What is 212120022221 (base 3) in base 9?
776287
20213103220 (base 4) to base 2
1000100111010011101000
51a9a (base 12) to base 16
1a1d6
Convert -1168237 (base 9) to base 11.
-3a4827
-3816646 (base 9) to base 12
-842796
Convert -262a6a (base 12) to base 3.
-1011212011101
-21545514 (base 6) to base 14
-12d7b8
-331404 (base 5) to base 8
-26327
3001131002 (base 4) to base 15
109bab
-250155140 (base 6) to base 2
-10010001101100110100100
-15832a (base 11) to base 6
-5131351
Convert 576453 (base 9) to base 8.
1243476
Convert -377586 (base 10) to base 13.
-102b31
-5007377 (base 9) to base 14
-4d44b3
-30322012022 (base 4) to base 3
-20100220112212
Convert a025f (base 16) to base 6.
22020515
Convert c3409 (base 14) to base 10.
470017
2687378 (base 10) to base 4
22100012102
186886 (base 13) to base 16
96019
What is -51a24 (base 16) in base 14?
-89bda
What is 638608 (base 10) in base 9?
1173004
-13113242042 (base 5) to base 3
-1010101111011002
5db4ad (base 14) to base 8
14220301
Convert -14713 (base 14) to base 8.
-143135
What is c6aaa0 (base 13) in base 3?
22202021112010
Convert -233513 (base 7) to base 6.
-522525
34c722 (base 14) to base 7
21212042
What is -1151359 (base 12) in base 3?
-20021201121120
-1453306 (base 8) to base 13
-117122
What is 11110121100020 (base 3) in base 7?
26114625
Convert 11011000100110010 (base 2) to base 6.
2213230
What is 841886 (base 10) in base 6?
30013342
Convert 27261 (base 8) to base 14.
44db
Convert 24233203 (base 5) to base 8.
673747
-415244 (base 9) to base 16
-3c34c
Convert -11000222220211 (base 3) to base 6.
-113552204
-1026104 (base 8) to base 7
-2216210
-3502622 (base 7) to base 2
-1101010111011011010
What is -112030020102 (base 4) in base 5?
-2442114400
Convert -551c8 (base 13) to base 4.
-211220023
-101101000001001011 (base 2) to base 15
-39980
Convert -411341335 (base 6) to base 11.
-3aa1812
-183936 (base 10) to base 11
-116215
Convert -5508808 (base 9) to base 3.
-12120022220022
-21bbc5 (base 14) to base 4
-10113323101
Convert -1010110 (base 6) to base 11.
-33071
Convert 875ac (base 14) to base 5.
40441133
What is 17166 (base 12) in base 2?
1000000100011110
1c044 (base 13) to base 7
316203
What is -1387aa (base 13) in base 16?
-742e3
Convert -101131324 (base 6) to base 14.
-3336a8
Convert -105561 (base 14) to base 4.
-2012322201
What is 3d63 (base 16) in base 7?
63550
Convert -3183954 (base 10) to base 14.
-5cc494
59873 (base 16) to base 9
618022
Convert -389918 (base 15) to base 13.
-741044
What is 34098 (base 10) in base 5?
2042343
-110111100010001 (base 2) to base 4
-12330101
2512161 (base 8) to base 2
10101001010001110001
db6b41 (base 15) to base 12
3600414
-1569e5 (base 15) to base 11
-647670
What is -261523 (base 16) in base 6?
-125254311
Convert -1074115 (base 11) to base 5.
-440121014
What is -5975722 (base 11) in base 3?
-201121020211002
Convert -51723 (base 12) to base 6.
-2140443
Convert -1004316 (base 7) to base 4.
-131012031
Convert -3013512 (base 8) to base 7.
-6510121
Convert -736926 (base 10) to base 8.
-2637236
-4084048 (base 9) to base 10
-2181212
Convert -55452 (base 15) to base 13.
-96455
10591008 (base 10) to base 6
1015000240
What is 1656a5 (base 13) in base 12?
229089
Convert -316001 (base 10) to base 13.
-b0aaa
-e647c (base 16) to base 10
-943228
Convert -224512 (base 7) to base 13.
-152c2
Convert 63661 (base 11) to base 10.
92632
Convert 114222524 (base 6) to base 9.
4058667
133220112033 (base 4) to base 6
453415343
6032512 (base 7) to base 6
23145421
11212022 (base 3) to base 12
2075
Convert 10001001010000101 (base 2) to base 9.
116355
-1210c2 (base 13) to base 15
-87980
Convert -18992 (base 13) to base 4.
-23222201
Convert 1431422401 (base 5) to base 10.
3779726
What is 515111 (base 7) in base 4?
111202100
Convert -634478 (base 9) to base 6.
-12030412
Convert -1475256 (base 8) to base 12.
-185892
-10001111101110101011110 (base 2) to base 4
-101331311132
What is 248b78 (base 13) in base 10?
876364
Convert 3036597 (base 13) to base 8.
67475045
What is -33160606 (base 7) in base 9?
-5331401
-20011323202 (base 4) to base 11
-1219964
What is -1589e6 (base 16) in base 4?
-11120213212
Convert 56747 (base 13) to base 12.
76ba5
Convert -10022422310 (base 5) to base 13.
-20ac971
-23bcb0 (base 16) to base 4
-20323302300
Convert -202010213322 (base 4) to base 10.
-8931834
What is -2e432c (base 15) in base 10?
-2241717
Convert -239a1 (base 13) to base 6.
-1222341
Convert 112631a (base 13) to base 4.
110012113020
-1673847 (base 9) to base 15
-136d7a
What is 12c4c4 (base 15) in base 2?
11011100010001000001
Convert -7b460 (base 13) to base 6.
-4452544
What is 348404 (base 13) in base 2?
100110000010010101011
What is -1002000110212 (base 3) in base 16?
-8b712
-2433627 (base 10) to base 3
-11120122022100
3013101232 (base 4) to base 8
3072156
1305 (base 7) to base 6
2143
What is 23112030 (base 4) in base 7?
252333
What is -fca1 (base 16) in base 4?
-33302201
3211300414 (base 5) to base 6
400313323
What is -155446 (base 10) in base 3?
-21220020021
Convert -39411 (base 11) to base 4.
-31301032
Convert 13333110022 (base 4) to base 13.
584377
Convert -885267 (base 11) to base 13.
-3a5c04
What is -124152 (base 10) in base 8?
-362370
What is -543042553 (base 6) in base 3?
-200011221222220
What is 471406 (base 10) in base 12?
1a897a
Convert 39b8495 (base 12) to base 4.
223220332301
What is -64164233 (base 7) in base 15?
-72830b
What is -1128383 (base 13) in base 5?
-2322222124
What is 100111132121 (base 4) in base 8?
20253631
Convert -2021221200202 (base 3) to base 8.
-4515502
20120111121112 (base 3) to base 8
15247666
Convert 2233214442 (base 5) to base 13.
1053033
21210130320 (base 4) to base 2
1001100100011100111000
What is 236051 (base 10) in base 4?
321220103
-1bdd74 (base 15) to base 6
-45114531
-33c94 (base 14) to base 9
-211707
375b7a1 (base 12) to base 14
161a65b
Convert 4204131 (base 5) to base 12.
34123
What is 28823 (base 15) in base 5?
13130313
-114452 (base 10) to base 9
-183888
Convert 1330114 (base 9) to base 12.
2b1611
Convert -1103 (base 14) to base 5.
-43233
Convert 856698 (base 11) to base 12.
5610a8
Convert 1547526 (base 11) to base 15.
373c05
Convert -4102426 (base 9) to base 2.
-1000010101110101111011
What is -111212211102222 (base 3) in base 9?
-14784388
Convert -1b7e3f (base 16) to base 4.
-12313320333
Convert 2c558 (base 16) to base 4.
230111120
What is 168d7 (base 16) in base 2?
10110100011010111
Convert 202211222202 (base 3) to base 5.
101113140
What is -20159c (base 13) in base 7?
-6224135
Convert -2510919 (base 11) to base 6.
-233312143
-15501033 (base 7) to base 12
-601a26
What is 265719 (base 14) in base 13?
373514
What is 304143 (base 6) in base 2?
101111010111111
43671433 (base 8) to base 7
142623333
2a9901 (base 14) to base 10
1486269
-395bb (base 12) to base 8
-231437
Convert -16517716 (base 8) to base 4.
-32221333032
7526976 (base 10) to base 11
4281146
Convert 1200101112021 (base 3) to base 10.
893410
What is -41839 (base 15) in base 4?
-302231301
85747 (base 11) to base 7
1026334
Convert -141767 (base 11) to base 6.
-4431054
Convert 1658243 (base 9) to base 11.
581711
-1211101201211 (base 3) to base 8
-3553004
Convert -411c0 (base 15) to base 16.
-325c8
Convert 539a35 (base 12) to base 3.
2111020100212
What is -880321 (base 10) in base 3?
-1122201120111
Convert 4536600 (base 7) to base 15.
b2276
What is -38623 (base 16) in base 4?
-320120203
-b074 (base 16) to base 8
-130164
Conver